-5 + 2?
-4
Calculate (0 - 6) + 13 + -5.
2
Calculate -6 - (-11 + -5 + 1).
9
What is (-7 - ((0 - 1) + -16)) + 0?
10
Evaluate -1 - (-10 - (4 - 12 - -4)).
5
What is 1 + 2 + -4 - 4?
-5
5 - 0 - 8 - (10 + -6)
-7
Evaluate 4 - 0 - (-18 - -22).
0
What is the value of -3 + (-12 - (-20 - 0))?
5
What is 1 - 2 - (7 - 3 - 7)?
2
What is the value of 3 + (2 - (-1 - -3)) + 1?
4
What is -4 + 7 + (-3 - -5) + -4?
1
What is the value of 3 + 1 + -2 + (-21 - -21)?
2
3 - 1 - (-3 + 8)
-3
What is -4 - (-3 - -12) - (-1 + -5)?
-7
Calculate -5 + (0 - (5 + 1 + -8)).
-3
(2 + 3 - (-1 - -6)) + 9
9
What is the value of -2 + (7 - (1 + 6)) + -2?
-4
What is the value of ((1 - -5) + -1 - 6) + -1?
-2
Calculate 16 + (2 - -12) + -28.
2
What is the value of -3 + -3 + -16 + 15?
-7
-15 + 24 + -5 + -2
2
What is 2 + -4 + (12 - 12) + 4?
2
(-14 - 2) + 8 + 9
1
Evaluate (-8 - -8) + (-1 - -5).
4
What is (-11 - -1) + 0 + 17 + -18?
-11
4 - ((-2 - -6) + -5)
5
Calculate -4 + (6 - -1) + -1 + -3.
-1
5 - (-14 - -7 - -10) - 3
-1
Evaluate (-3 - (-2 - -2)) + (-2 - -1).
-4
What is 17 + -6 + -8 + 4 + -5?
2
(6 - 10 - (0 - 3)) + -4
-5
What is the value of 1 - (-1 - (-2 + 2 - 5))?
-3
Calculate (4 - -3 - 7) + -1 + 4.
3
Evaluate -5 - (8 - 2 - 6 - 5).
0
What is -4 + (6 - (4 - 1) - 2)?
-3
What is the value of 4 + (2 - (10 - -5)) - -5?
-4
Evaluate -10 - (-2 + -2) - -6 - 5.
-5
0 + -1 - (0 + (-2 - 2))
3
Evaluate 0 + (-4 - (2 + -4)).
-2
Calculate 3 + 1 + -16 + 14 + -8.
-6
Evaluate -13 - (-3 - (-2 + 2)).
-10
What is the value of (3 - 5) + 4 + -3 + 1?
0
0 - -6 - (7 + -3)
2
What is the value of (-11 - -1) + 10 + -6?
-6
Calculate 0 - (-5 + 4) - (-4 - -3).
2
4 - ((9 - 6) + 3 + -5)
3
What is 0 + 1 + -1 + 4 + -3?
1
Calculate (-1 - 3) + -23 + 25.
-2
Evaluate -3 + (2 + (-1 - -3) - -4).
5
Calculate 1 + -3 - (-33 - -36).
-5
What is the value of (-2 - 0) + (-7 - (-5 - 4))?
0
What is 8 + -1 - (3 - -1)?
3
Calculate -1 + (2 - -1) + 0 + -6.
-4
What is the value of -1 + -7 + 5 + -2 + 8?
3
Evaluate 4 - (-7 - (-2 + -11 + 6)).
4
Calculate -6 - (-3 - 11 - -11).
-3
Evaluate 5 - (-5 + 1 - (-6 - 0)).
3
Evaluate 14 - 22 - -15 - (4 + -2).
5
What is the value of 4 - (7 + 1 + -1)?
-3
(10 - 30 - -18) + (0 - -9)
7
What is -44 - -42 - (-10 - (-2 + 1))?
7
What is the value of -4 - (-1 + -7 + 9)?
-5
Calculate (-3 - (-8 - -5)) + 4.
4
Calculate 0 + -2 - (-42 + 41).
-1
-2 + 3 + (10 - 4) + -2
5
What is the value of 3 + -2 - (-2 - -2)?
1
What is the value of 4 + (-4 + 4 - (1 + -2))?
5
Calculate (10 - 8) + 0 + -3 + 3.
2
What is -5 + 0 - (9 + -24 + 1)?
9
Evaluate (0 - (-1 + -1)) + (2 - 1).
3
Calculate 4 + (-2 + -2 - (-6 + 2)).
4
-1 + 10 + -9 - -1
1
What is (2 - 0) + -4 + 3?
1
Calculate (2 - 6) + (-4 - -8).
0
What is the value of 1 + -6 + 0 - (1 + -1)?
-5
8 + (3 - 11) + -6
-6
What is the value of -9 + (-3 - -4) + 3 + -1?
-6
Calculate (-37 - -36) + -2 + -1.
-4
Calculate (1 - (-6 - -1)) + (7 - 11).
2
What is the value of -7 - (-11 + 8 + (2 - -1))?
-7
Evaluate 0 + -4 + -8 + 20.
8
Calculate 2 - 8 - (4 + -7).
-3
-32 + 37 - (5 - 1)
1
-11 - -15 - (-2 + 1)
5
Evaluate 1 - (0 + -2 - (4 + -4)).
3
What is the value of (-2 + 2 - 2) + 4?
2
Calculate (3 - 1) + 4 + -1.
5
What is the value of (-5 + 14 - 2) + -8 + 5?
4
What is the value of 4 + -5 + (-4 - -3) + 3?
1
Evaluate -1 + (2 - (9 + -9)).
1
What is the value of 0 + (3 - 3) + -2 + 4?
2
What is 1 - (-8 + 4 - -5)?
0
What is the value of 0 - (-4 + 2 + 0 - -6)?
-4
Calculate (24 - 29) + (-2 - -1) + 11.
5
What is 1 + -3 + 0 + -1 + 1?
-2
0 + 1 + -5 + 5
1
2 + -3 + 2 + -3 + -1
-3
What is -1 + (5 - (-2 + 13))?
-7
4 + 1 + 1 + -6 + -4
-4
What is 4 + -1 - -3 - 4?
2
What is (-2 + -1 - (11 + -20)) + -4?
2
What is 1 - 1 - -3 - 9?
-6
Calculate 0 + -2 + 6 - 5.
-1
Calculate 0 - (-7 + 10 + -10).
7
What is 4 + -13 + -11 + 19?
-1
What is the value of (-1 + 3 - 4) + (4 - -5)?
7
What is the value of -6 + (4 - (0 - -1 - 4))?
1
Calculate 9 + (-11 - -8) + -2.
4
What is 3 + 1 - (7 + -6)?
3
What is -3 + 1 + -2 + 2?
-2
Evaluate 7 + -4 - (7 - 4 - 0).
0
What is (14 - 10) + (0 - 8 - 0)?
-4
Calculate -3 + 0 + (-2 - (-10 + 1)).
4
Calculate 2 + -3 + (-2 + 4 - 0).
1
What is the value of -1 + 1 + 3 - (3 - 2)?
2
Evaluate -3 - (6 + -10 - (-6 + 0)).
-5
What is (-3 - 2) + (7 - 2) + -6?
-6
What is the value of 0 + -3 + (-13 - -11)?
-5
What is (-9 - -8) + -4 - (-1 - -3)?
-7
What is the value of 4 - (-7 + 3 + 5 + 0)?
3
Calculate 2 - (-1 + 3 - 4).
4
What is the value of 6 + (0 - ((3 - 1) + 1))?
3
What is the value of (-2 + -1 - 0) + 1 + -2?
-4
What is the value of (-10 - -2) + (1 - -1)?
-6
(5 - 4) + 0 + (3 - -3)
7
Calculate 1 - (-1 + 2 - (-2 - -7)).
5
What is 7 - ((11 - 6) + 10)?
-8
What is -7 + (1 - -1) + 16 + -21?
-10
What is the value of 3 - (-3 + 6 + -1)?
1
Evaluate -11 - (-8 - (2 - 5)) - -5.
-1
Calculate 0 + -6 + -1 + 0 + 5.
-2
0 + -4 - (4 + -16 + 7)
1
What is 3 - 3 - (-9 - (-16 + 4))?
-3
Calculate 1 + (3 - (-1 + 0 + 2)).
3
What is the value of (-4 - 0) + 3 + 0 + 5?
4
What is -1 + 2 + (-1 - -6) + -2?
4
What is -4 + -9 + 11 + 2 + 1?
1
Calculate -14 - (5 + -8 - 2) - -4.
-5
Evaluate 1 + -1 - (4 - 7).
3
What is the value of 5 - ((4 + -7 - -1) + 0)?
7
Evaluate -29 - -32 - (7 + -1).
-3
-3 + (-3 - -6) + 7 + -5
2
-1 - (-8 - (7 + -16))
-2
1 - (0 + 0 - (0 - 4))
-3
What is 20 - (7 - -12) - (-5 + 1)?
5
Calculate 29 - 22 - (12 - 2).
-3
What is the value of -3 + 3 + 2 - (-2 + 6)?
-2
Calculate 7 + -5 - (0 + (-4 - 2)).
8
What is (-4 - (-3 + -5)) + -8?
-4
Evaluate 0 + 2 + -67 + 68.
3
What is the value of 17 - (-10 - (-14 - 6))?
7
What is (-2 - -7) + -6 + -3?
-4
What is the value of (6 + -1 - 1) + 0?
4
(3 - (10 + -6)) + 1
0
(31 - 26) + -5 + -1
-1
Evaluate 5 + (3 - (6 - 1)) + 5.
8
What is 5 + (6 - (-3 + 2 + 6))?
6
(12 - (-6 - -7)) + -6 + -2
3
What is the value of (-16 - (-14 + 3)) + 7?
2
Calculate 1 + 7 - (-30 - -44).
-6
Calculate (7 - (4 + -2)) + -5.
0
Calculate 32 - 30 - (-7 - -1).
8
What is -7 + -4 + 10 - (1 - 4)?
2
Calculate -2 + 4 + -4 + 3 + -1.
0
-1 + 7 - (1 + 0)
5
What is the value of 0 + 1 + 3 + (-17 - -20)?
7
What is the value of 0 - 1 - (3 + 2 + -7)?
1
What is 2 + 0 + 0 - (-2 + 0)?
4
What is the value of 5 + (0 - 16 - (4 - 9))?
-6
Evaluate -35 + 31 - (0 - -1).
-5
What is the value of 0 + (4 - (-1 - -3)) - 3?
-1
What is (-3 - (2 - 3) - -1) + -1?
-2
Calculate -18 - -1 - (-14 + 4).
-7
Calculate 2 - (2 + -4 - (0 - -2)).
6
What is (-4 - -2) + -1 + 0?
-3
What is the value of 5 + -2 - 0 - 0?
3
What is (8 + -2 - 8) + 0 + -3?
-5
-4 + 0 - (6 + 6 - 12)
-4
-5 - (2 - 4) - 0
-3
What is -3 - (5 + 0 + -5)?
-3
-3 - -3 - (-2 - 0)
2
Calculate (8 - (0 + 0)) + -7.
1
-3 - -1 - (-1 + (1 - 6))
4
What is 13 - (11 + 3) - (0 - 1)?
0
1 + (4 + -7 - -2)
0
-4 - (-3 + 4) - -9
4
-4 - (4 + -12 + 4)
0
(-6 - -18) + (0 - 6)
6
What is -1 - ((-10 - -5) + (-1 - -2))?
3
Evaluate 1 + -1 - (-9 + 13).
-4
What is 1 + (1 - 1) + 5?
6
Calculate (1 - 7) + 11 + -5.
0
-7 + 1 + 12 - 7
-1
What is the value of -10 + (-6 - -10) - (1 - -2)?
-9
Calculate (5 + -5 - 5) + 5 + -7.
-7
What is -3 + -3 + (-3 - 0 - -4)?
-5
What is the value of (68 - 66) + (4 - -1)?
7
Evaluate 7 + (14 - 8 - 7).
6
What is the value of (-2 - -18 - (23 + -15)) + -13?
-5
Calculate 6 + (-7 - -5 - 1).
3
Calculate -2 + 2 + -3 + 5 - 0.
2
Evaluate 3 + -5 + -11 - -10.
-3
(-4 - -3) + -6 + 6 - -8
7
Calculate 0 + (-4 + 1 - (-7 + 2)).
2
Evaluate -2 - 1 - (7 + (0 - 6)).
-4
What is 10 - 2 - 6 - (9 + -2)?
-5
What is -5 + 8 + 2 - (1 - -2)?
2
1 + -1 + -1 + 4
3
(-2 - (4 - 8)) + 2
4
Evaluate 0 - -3 - (13 + -3 - 2).
-5
Calculate -4 + -1 - (-10 + 5).
0
(-36 - -34) + (-2 - -3 - -5)
4
Calculate -1 + -2 + 1 - (-2 + 0).
0
What is 17 + -18 + 5 + (-8 - 0)?
-4
What is 3 + -10 + -3 + 6 + 2?
-2
-7 + 3 - (-16 - -11) - -5
6
What is (15 - (3 - -9)) + 2?
5
What is the value of 5 + (-4 - ((-1 - -6) + -5))?
1
Evaluate (15 - 8) + (0 - 4).
3
Calculate (-3 + 5 - 3) + -5 - -5.
-1
-9 - (-10 + 11) - -6
-4
Evaluate -4 - (-2 + (-2 - -4) + -2).
-2
2 + -2 - (-8 + (6 - 1))
3
Calculate 1 + -1 + 2 + -7.
-5
Calculate 0 - (12 + -9 + 1).
-4
4 + 1 + -10 - (4 + -5)
-4
What is the value of -2 - ((-5 - -2) + -6) - 2?
5
27 + -23 - (5 + (2 - 0))
-3
Evaluate 3 + 3 + 12 + -24.
-6
Evaluate (0 + -2 - 9) + 3 + 4.
-4
Evaluate 1 + 3 + -1 + (2 - 3).
2
What is the value of 8 - 1 - (35 - 31)?
3
Evaluate 0 - (-3 - (-5 - (1 - 1))).
-2
What is the value of 0 + -4 - -5 - -3?
4
(1 - 2) + (8 + -1 - 4)
2
What is -10 + (-